factors of g?
7
Let b be 12/(-8) - 5318/(-4). What are the prime factors of 8/14 + b/28?
2, 3
Suppose -5*n + 264 = -2*b, -2*b + 102 = 2*n - b. Suppose -4*c + n = -36. List the prime factors of c.
2, 11
Let n = -58 - -60. What are the prime factors of n?
2
What are the prime factors of (-1015)/(-20) - 3/(-12)?
3, 17
Let m(r) = r**3 - r**2 - 3*r + 259. List the prime factors of m(0).
7, 37
Let k(o) = -o**3 + 9*o**2 + o - 1. Let a be k(9). Let j(g) = g**2 - 7*g - 2. What are the prime factors of j(a)?
2, 3
Suppose 5*l + 12*k = 17*k + 1475, 10 = 5*k. List the prime factors of l.
3, 11
What are the prime factors of (2/(-2))/(9/(-423))?
47
Let k = -6 + 10. Suppose 4*c + 8 + k = 0. Let t(d) = -2*d - 2. List the prime factors of t(c).
2
Let y(g) = g**2 - g - 8. Let z be y(-7). Suppose -2*s + 0*s = -z. Suppose -2*o + 5 = -3*r - 2, -5*o = -r - s. What are the prime factors of o?
5
Let l(k) = 2 - 5*k + k + 1 - k**2 + 0*k. Let h be l(-5). List the prime factors of (4/h)/((-2)/18).
2, 3
Let i(a) = -5*a - 15. List the prime factors of i(-10).
5, 7
Let d be (-15)/(-3) + 2/(-1). Suppose m - d = -0. Let n = m - -16. What are the prime factors of n?
19
Let i = 2 - -6. Suppose 0*h + 24 = 2*h - 3*v, 0 = 2*h + 3*v - 24. Let q = h - i. List the prime factors of q.
2
Let z be (21/3 + 0)*3. Suppose -3*f = -w + z, -3*w = -2*f - 43 + 1. What are the prime factors of w?
2, 3
Let w be (-91)/(-3) - 4/12. Suppose s - 11 = -2*y, -1 = -5*s - 2*y + w. Suppose -63 = -3*z - 0*z + 3*l, -3 = z + s*l. What are the prime factors of z?
17
Let n be 2/14 - (-52)/28. Suppose n*l + 100 = 6*l. What are the prime factors of l?
5
Suppose 0 = -2*y + 4 + 2. Suppose a = 3*s + 31, 0 = -4*a - y*s + 30 + 34. List the prime factors of a.
19
Let y be 0*((-10)/(-4))/(-5). Suppose -5*b - 5 = -3*x - 0*x, -5*b - x + 15 = y. Suppose 5*w + 28 = 2*g + 2*w, 4*g - 40 = b*w. What are the prime factors of g?
2
Let o(m) = m**2 - m + 2. Let h be o(0). Let l(y) = -1 - 2*y**3 - y**h - 7*y**3 - 2*y - 2*y**3. List the prime factors of l(-1).
11
Let o be -1 - 0 - 2/(-1). Suppose -3*j = z - 9 - 0, -z - 5 = -4*j. Suppose -c + 2*h + 9 = 0, j*h = -c - h - o. What are the prime factors of c?
5
Let l(f) = -15*f + 1. Let j be l(-2). Let u = j + -15. What are the prime factors of u?
2
Suppose l = 3*t - 7, -t + 5*t + 5*l = 22. Suppose 4*d = t*d. List the prime factors of -19*(1 + d + -2).
19
Let t = -266 - -456. List the prime factors of t.
2, 5, 19
Suppose -4*a + 15 = -5*k, -2*a + a - 5*k - 15 = 0. Suppose a*t + 5*t = 30. List the prime factors of t.
2, 3
Let n(c) = 2*c**2 + 12*c - 4. What are the prime factors of n(-9)?
2, 5
Let c be ((-22)/(-4))/(5/(-10)). Let a = 18 + c. What are the prime factors of a?
7
Let m(p) = p**2 - 8*p + 3. What are the prime factors of m(8)?
3
Suppose -2*z = -z - 69. List the prime factors of z.
3, 23
Suppose -2*c = z - 0*c - 11, -3*z = 2*c - 29. Let i = z + 3. What are the prime factors of i?
2, 3
Suppose 4*w - 4 = 8. Suppose 2*z + 3 + w = 0. Let o = z - -10. List the prime factors of o.
7
Let b(o) = o**2 - 3*o + 2. Let n be b(3). Suppose 2*z + n*z = -4. What are the prime factors of 27/(-2 + 5) - z?
2, 5
Let o be 122/(-6) + (-2)/(-6). Let k be -3*(28/6 + -3). Let f = k - o. What are the prime factors of f?
3, 5
Let t = -70 - -142. Suppose 4*r + t = 4*p, -p + 2*r = 3*p - 68. List the prime factors of p.
2
Suppose -z + 76 = 4*t - 142, 5*t = 2*z - 384. List the prime factors of z.
2, 101
Suppose 0 = t - 3*t + 40. Suppose 2*m + 3*q + 18 = 0, -m + 34 = -3*m + 5*q. Let c = t + m. What are the prime factors of c?
2
Let x be 0/((1 - -5)/(-3)). Suppose -d = -5*j - 9, -4*d - 18 = -x*d - 2*j. List the prime factors of 27/d*(-1 - 3).
2, 3
Suppose -4*h = -5*z, -4*h = -2*z - 16 + 4. Suppose -6 + 26 = z*l. What are the prime factors of l?
5
Suppose 2*h = -5*p - 0*h - 271, 0 = 5*p + 3*h + 274. Let o = p + 79. What are the prime factors of o?
2, 13
Let l = -3 + 5. Suppose 4*r - 16 = -p, 3*p + 45 = 5*r - l*p. Suppose r*s - 26 = 29. List the prime factors of s.
11
Let a be (-69)/(-15) - (-2)/5. Suppose -3*k - z + 41 + 15 = 0, k - 42 = -a*z. List the prime factors of k.
17
Let a be (-6 + 7)*(1 - 1). What are the prime factors of a - 3 - (-36)/2?
3, 5
Let s(b) = -13*b**3 - b**2. Let a be 195/27 + (-4)/18. Suppose 8*t = 3*t + o - a, -o = -2. What are the prime factors of s(t)?
2, 3
Suppose -59 = -4*b - 3*k + 124, -175 = -4*b + 5*k. What are the prime factors of b?
3, 5
Suppose -s - s + 52 = 0. Let f = 5 + s. What are the prime factors of f?
31
Let l(o) be the first derivative of -o**4/12 - 2*o**3/3 - o**2/2 + o - 2. Let r(j) be the first derivative of l(j). List the prime factors of r(-3).
2
Suppose -4*t - w - w + 10 = 0, -3*w - 10 = t. Suppose 0 = q + 2*x - t*x - 47, q = -2*x + 37. List the prime factors of q.
41
Suppose 6*m = m + 315. List the prime factors of (12/14)/(1/m).
2, 3
Suppose 66 = 2*l - 0*l. What are the prime factors of l?
3, 11
Let x(r) = -r**2 - 6*r + 7. Let s(b) = -b - 13. Let n be s(-8). List the prime factors of x(n).
2, 3
Suppose -h + 0*c = 5*c - 12, -2*c + 8 = 2*h. Suppose 4 = h*d, -3*a + 23 = d + 3*d. What are the prime factors of (a + -2)/((-12)/(-44))?
11
Let g = 12 - 4. Let c(u) = -u + 9. Let s be c(g). Suppose -a + 7 = s. List the prime factors of a.
2, 3
Let u be (-4)/(-2) - 0 - 5. Let g be 9*3*u/(-27). Suppose 8 = g*i - 1. What are the prime factors of i?
3
Let n be 10/25 - (-18)/5. Suppose -3*y + 10 = -y, 2*x - n*y + 12 = 0. Suppose -5*t - x = 2*z, 3*z + 2*t - 5 = -0*z. List the prime factors of z.
3
Suppose 5*r - 4*r = 4. List the prime factors of r.
2
Let k(n) = 3*n**2 + 2*n - 3. Let o be k(-7). Suppose 0 = -3*m - 2*m + o. What are the prime factors of m?
2, 13
Let m be (-2 - 6/(-4))*0. Let w(v) = -v + 11 + 0*v - 4. What are the prime factors of w(m)?
7
Let v(f) = f**2 - 3*f - 3. Suppose 4*l = 3*t - 26, -2*t - 14 = -4*t + l. What are the prime factors of v(t)?
3, 5
Suppose -3*w + 9*w + 30 = 0. Let b = -20 - -1. Let d = w - b. What are the prime factors of d?
2, 7
Let t(d) = -d**2 - 5*d + 8. Let o be t(-7). Let i be ((-4)/o - 0)*3. Suppose -5*b + i = -8. What are the prime factors of b?
2
Let v = -7 + 17. What are the prime factors of v?
2, 5
Let k(x) = 3*x**2 - x + 1. Suppose 0 = -l + 4*o - 12 - 0, 3 = -l + o. Suppose 0*v - 3*v + 3 = l. List the prime factors of k(v).
3
Suppose 0 = 6*k - k. List the prime factors of 3 - (-6 - (k - -3)).
2, 3
List the prime factors of (16/(-10))/(4/(-70)).
2, 7
Let s(v) = -v**3 + 8*v**2 + 7*v + 13. What are the prime factors of s(8)?
3, 23
Let v(m) = -m**2 - 17*m - 21. Let p be 2/3 - 132/9. List the prime factors of v(p).
3, 7
Let g(b) = b**2 + 3*b - 5. Let a(j) = 2*j**2 + 6*j - 10. Let m(l) = 6*a(l) - 11*g(l). List the prime factors of m(4).
23
Suppose 0*c - 8 = -2*c. Suppose -c*h - 14 = 2*d, -3*d - 11 = h - d. Let l = h - -5. What are the prime factors of l?
2
Let w(g) = 5*g**3 - g**2 + 1. Let i be w(2). Let c = i + -18. What are the prime factors of c?
19
Suppose 3*z = -z + 40. Let g = 7 - z. What are the prime factors of 1/((-9)/21)*g?
7
Let t(v) = 1 - 3 + 2*v - 4 + 0*v. What are the prime factors of t(6)?
2, 3
List the prime factors of (-40)/(-16)*22/(-10)*-8.
2, 11
Suppose -5*l = -m + 173, 0 = 3*m - l + 4*l - 519. List the prime factors of m.
173
Let b(o) = o**3 + 6*o**2 - 6*o + 2. Let f be b(-7). Let x = 13 - f. List the prime factors of (x/(-4))/((-6)/8).
2, 3
Let b be (-1 + 4)/(42/700). Suppose -2*l + b - 6 = 0. What are the prime factors of l?
2, 11
Let f(y) = y**2 + 11*y - 1. Let v(d) = -d + 1. Let i(m) = f(m) + 5*v(m). What are the prime factors of i(-7)?
11
Let f(d) = d**3 + 7*d**2 + 4*d - 7. Let j be (-2 + (-3)/(-3))*6. What are the prime factors of f(j)?
5
List the prime factors of (-3654)/(-28)*(1 - -1).
3, 29
Suppose -5*v + 111 = -49. List the prime factors of v.
2
Let i(m) = -5*m + 0*m + 4*m. Let v be i(-2). Suppose 3*j = -v*s + 23, 2*s + j = -3*s + 25. What are the prime factors of s?
2
Let l = 248 - 129. What are the prime factors of l?
7, 17
Suppose -3*m = -7*m + 176. What are the prime factors of m?
2, 11
Suppose -2*a = -3*x + 2, -3*a = -x + 4*x - 12. Suppose -2*c + 34 = -a. What are the prime factors of c?
2, 3
What are the prime factors of 0 - (-444)/10 - 48/(-80)?
3, 5
Let q(o) = 2*o + 1. Let l be q(-3). Let s = 12 + l. 